{"id":4634,"date":"2021-02-11T14:47:55","date_gmt":"2021-02-11T13:47:55","guid":{"rendered":"https:\/\/www.belliesabroad.com\/?post_type=providers&#038;p=4634"},"modified":"2021-02-11T15:10:34","modified_gmt":"2021-02-11T14:10:34","slug":"christina-lubrano","status":"publish","type":"providers","link":"https:\/\/www.belliesabroad.com\/it\/providers\/christina-lubrano\/","title":{"rendered":"Christina Lubrano"},"excerpt":{"rendered":"","protected":false},"featured_media":4616,"parent":0,"menu_order":0,"template":"","categories":[],"tags":[],"department":[69,70,61],"class_list":["post-4634","providers","type-providers","status-publish","has-post-thumbnail","hentry","department-pediatria","department-postparto","department-terapia","has-post-title","has-post-date","has-post-category","has-post-tag","has-post-comment","has-post-author",""],"aioseo_notices":[],"ptb_metabox":{"ptb_profession":"Consulente del Sonno","ptb_yearsofpractice":"2020","ptb_education":"<div class=\"\">Certification in march 2020 - Institute of Pediatric Sleep and Parenting. BabyEm OCN level 3\/4 Gentle Sleep Educator. 2010 graduate of American University of Rome.<\/div>\r\n<div class=\"\">Member: International Pediatric Sleep Association, International Association of Child Sleep Consultants.<\/div>\r\n<div class=\"\">Conferences: IPSA Sleep 2021 (3 hours), Sleeposium 2020 (20 hours), Gold Learning Infant Sleep Symposium 2020 (5 hours), FENS2020: Sleep Across the Lifespan (4 hours)<\/div>","ptb_languages":["languages_1","languages_2"],"ptb_location_s_":["location_s__16"],"ptb_product":["Consulenze di 15 minuti gratuite","Consulenze private","Corsi di gruppo"],"ptb_bio":"Sono nata e cresciuta negli Stati Uniti ma vivo in Italia dal 2005. Mio marito ed io abbiamo tre bambini piccoli che sono il motivo della mia passione per il sonno. Mi hanno insegnato quanto sia importante il sonno nella nostra vita e come sia possibile creare sin dall'inizio un rapporto sano con il sonno. Ho vissuto tre diverse realt\u00e0 con i miei piccoli: completa mancanza di sonno per 2,5 anni con il mio primo figlio,<span class=\"Apple-converted-space\">\u00a0 <\/span>qualche difficolt\u00e0 con il mio secondo e, infine, guidando dolcemente il mio figlio pi\u00f9 giovane verso notti piene di sonno.\r\n\r\nAvevo aiutato tanti amici da diversi anni quando ho iniziato i miei studi con l\u2019 Institute of Pediatric Sleep and Parenting per ottenere la certificazione come consulente del sonno. Per me, questo non era abbastanza e ho subito iniziato a studiare per diventare un educatrice del sonno infantile con metodi dolci e responsivi. Questo \u00e8 un approccio olistico attraverso Open College Network e BabyEm di Londra. Per poter continuare a servire meglio le mie famiglie, partecipo ad associazioni del sonno e conferenze annuali sul sonno per tenermi aggiornato sulle nuove ricerche.\r\n\r\nIl sonno \u00e8 pi\u00f9 di quello che facciamo di notte. Prendo anche in considerazione ci\u00f2 che accade durante la giornata: ci\u00f2 che il piccolo mangia, la connessione, l'attaccamento, l'esercizio e lo sviluppo. Tutti sono importanti quando si guidano le famiglie verso notti piene di sonno, rispettando le proprie scelte genitoriali, credenze e obiettivi.\r\n\r\nAdoro lavorare con le famiglie per aiutarle a evitare mesi o anni senza dormire. Ancora pi\u00f9 importante, lavoriamo insieme per insegnare ai piccoli la capacit\u00e0 di ottenere il sonno di cui hanno bisogno per sostenere quelle menti curiose.","ptb_request_form":"[bookly-form staff_member_id=\"60\"]","ptb_video":{"url":[""],"title":[""],"description":[""]}},"ptb_taxonomy":{"department":[{"term_id":69,"name":"Pediatria","slug":"pediatria","term_group":0,"term_taxonomy_id":69,"taxonomy":"department","description":"","parent":0,"count":8,"filter":"raw"},{"term_id":70,"name":"Post-parto","slug":"postparto","term_group":0,"term_taxonomy_id":70,"taxonomy":"department","description":"","parent":0,"count":19,"filter":"raw"},{"term_id":61,"name":"Terapia","slug":"terapia","term_group":0,"term_taxonomy_id":61,"taxonomy":"department","description":"","parent":0,"count":13,"filter":"raw"}]},"ptb_featured_image":{"url":"https:\/\/www.belliesabroad.com\/wp-content\/uploads\/2021\/01\/E140CF3C-C457-4E16-8788-54A7561B63F3.jpeg","title":"E140CF3C-C457-4E16-8788-54A7561B63F3","caption":""},"_links":{"self":[{"href":"https:\/\/www.belliesabroad.com\/it\/wp-json\/wp\/v2\/providers\/4634","targetHints":{"allow":["GET"]}}],"collection":[{"href":"https:\/\/www.belliesabroad.com\/it\/wp-json\/wp\/v2\/providers"}],"about":[{"href":"https:\/\/www.belliesabroad.com\/it\/wp-json\/wp\/v2\/types\/providers"}],"wp:featuredmedia":[{"embeddable":true,"href":"https:\/\/www.belliesabroad.com\/it\/wp-json\/wp\/v2\/media\/4616"}],"wp:attachment":[{"href":"https:\/\/www.belliesabroad.com\/it\/wp-json\/wp\/v2\/media?parent=4634"}],"wp:term":[{"taxonomy":"category","embeddable":true,"href":"https:\/\/www.belliesabroad.com\/it\/wp-json\/wp\/v2\/categories?post=4634"},{"taxonomy":"post_tag","embeddable":true,"href":"https:\/\/www.belliesabroad.com\/it\/wp-json\/wp\/v2\/tags?post=4634"},{"taxonomy":"department","embeddable":true,"href":"https:\/\/www.belliesabroad.com\/it\/wp-json\/wp\/v2\/department?post=4634"}],"curies":[{"name":"wp","href":"https:\/\/api.w.org\/{rel}","templated":true}]}}

Sono nata e cresciuta negli Stati Uniti ma vivo in Italia dal 2005. Mio marito ed io abbiamo tre bambini piccoli che sono il motivo della mia passione per il sonno. Mi hanno insegnato quanto sia importante il sonno nella nostra vita e come sia possibile creare sin dall'inizio un rapporto sano con il sonno. Ho vissuto tre diverse realtà con i miei piccoli: completa mancanza di sonno per 2,5 anni con il mio primo figlio,<span class="Apple-converted-space">  </span>qualche difficoltà con il mio secondo e, infine, guidando dolcemente il mio figlio più giovane verso notti piene di sonno.

Avevo aiutato tanti amici da diversi anni quando ho iniziato i miei studi con l’ Institute of Pediatric Sleep and Parenting per ottenere la certificazione come consulente del sonno. Per me, questo non era abbastanza e ho subito iniziato a studiare per diventare un educatrice del sonno infantile con metodi dolci e responsivi. Questo è un approccio olistico attraverso Open College Network e BabyEm di Londra. Per poter continuare a servire meglio le mie famiglie, partecipo ad associazioni del sonno e conferenze annuali sul sonno per tenermi aggiornato sulle nuove ricerche.

Il sonno è più di quello che facciamo di notte. Prendo anche in considerazione ciò che accade durante la giornata: ciò che il piccolo mangia, la connessione, l'attaccamento, l'esercizio e lo sviluppo. Tutti sono importanti quando si guidano le famiglie verso notti piene di sonno, rispettando le proprie scelte genitoriali, credenze e obiettivi.

Adoro lavorare con le famiglie per aiutarle a evitare mesi o anni senza dormire. Ancora più importante, lavoriamo insieme per insegnare ai piccoli la capacità di ottenere il sonno di cui hanno bisogno per sostenere quelle menti curiose.
